{"id":5415,"date":"2023-02-22T12:21:53","date_gmt":"2023-02-22T12:21:53","guid":{"rendered":"https:\/\/nacionalhost.com.br\/acacef\/?page_id=5415"},"modified":"2024-09-25T20:11:35","modified_gmt":"2024-09-25T20:11:35","slug":"servicos","status":"publish","type":"page","link":"https:\/\/acacef.com.br\/novo\/servicos\/","title":{"rendered":"Servi\u00e7os"},"content":{"rendered":"\t\t<div data-elementor-type=\"wp-page\" data-elementor-id=\"5415\" class=\"elementor elementor-5415\" data-elementor-post-type=\"page\">\n\t\t\t\t\t\t<section class=\"elementor-section elementor-top-section elementor-element elementor-element-26f502a elementor-section-boxed elementor-section-height-default elementor-section-height-default\" data-id=\"26f502a\" data-element_type=\"section\" data-settings=\"{&quot;background_background&quot;:&quot;classic&quot;}\">\n\t\t\t\t\t\t<div class=\"elementor-container elementor-column-gap-default\">\n\t\t\t\t\t<div class=\"elementor-column elementor-col-100 elementor-top-column elementor-element elementor-element-ab613cc ot-flex-column-vertical\" data-id=\"ab613cc\" data-element_type=\"column\">\n\t\t\t<div class=\"elementor-widget-wrap elementor-element-populated\">\n\t\t\t\t\t\t<div class=\"elementor-element elementor-element-f693844 elementor-widget elementor-widget-spacer\" data-id=\"f693844\" data-element_type=\"widget\" data-widget_type=\"spacer.default\">\n\t\t\t\t<div class=\"elementor-widget-container\">\n\t\t\t\t\t\t\t<div class=\"elementor-spacer\">\n\t\t\t<div class=\"elementor-spacer-inner\"><\/div>\n\t\t<\/div>\n\t\t\t\t\t\t<\/div>\n\t\t\t\t<\/div>\n\t\t\t\t<div class=\"elementor-element elementor-element-99112e7 elementor-widget elementor-widget-heading\" data-id=\"99112e7\" data-element_type=\"widget\" data-widget_type=\"heading.default\">\n\t\t\t\t<div class=\"elementor-widget-container\">\n\t\t\t\t\t<h2 class=\"elementor-heading-title elementor-size-default\">Servi\u00e7os<\/h2>\t\t\t\t<\/div>\n\t\t\t\t<\/div>\n\t\t\t\t<div class=\"elementor-element elementor-element-22a88b7 elementor-widget elementor-widget-spacer\" data-id=\"22a88b7\" data-element_type=\"widget\" data-widget_type=\"spacer.default\">\n\t\t\t\t<div class=\"elementor-widget-container\">\n\t\t\t\t\t\t\t<div class=\"elementor-spacer\">\n\t\t\t<div class=\"elementor-spacer-inner\"><\/div>\n\t\t<\/div>\n\t\t\t\t\t\t<\/div>\n\t\t\t\t<\/div>\n\t\t\t\t\t<\/div>\n\t\t<\/div>\n\t\t\t\t\t<\/div>\n\t\t<\/section>\n\t\t\t\t<section class=\"elementor-section elementor-top-section elementor-element elementor-element-c7d3086 elementor-section-full_width elementor-section-height-default elementor-section-height-default\" data-id=\"c7d3086\" data-element_type=\"section\">\n\t\t\t\t\t\t<div class=\"elementor-container elementor-column-gap-default\">\n\t\t\t\t\t<div class=\"elementor-column elementor-col-100 elementor-top-column elementor-element elementor-element-1b03bbd ot-flex-column-vertical\" data-id=\"1b03bbd\" data-element_type=\"column\">\n\t\t\t<div class=\"elementor-widget-wrap elementor-element-populated\">\n\t\t\t\t\t\t<div class=\"elementor-element elementor-element-ff8c247 elementor-widget elementor-widget-spacer\" data-id=\"ff8c247\" data-element_type=\"widget\" data-widget_type=\"spacer.default\">\n\t\t\t\t<div class=\"elementor-widget-container\">\n\t\t\t\t\t\t\t<div class=\"elementor-spacer\">\n\t\t\t<div class=\"elementor-spacer-inner\"><\/div>\n\t\t<\/div>\n\t\t\t\t\t\t<\/div>\n\t\t\t\t<\/div>\n\t\t\t\t\t<\/div>\n\t\t<\/div>\n\t\t\t\t\t<\/div>\n\t\t<\/section>\n\t\t\t\t<section class=\"elementor-section elementor-top-section elementor-element elementor-element-77fae3d elementor-section-full_width elementor-section-height-default elementor-section-height-default\" data-id=\"77fae3d\" data-element_type=\"section\">\n\t\t\t\t\t\t<div class=\"elementor-container elementor-column-gap-default\">\n\t\t\t\t\t<div class=\"elementor-column elementor-col-33 elementor-top-column elementor-element elementor-element-f7a9af3 ot-flex-column-vertical\" data-id=\"f7a9af3\" data-element_type=\"column\">\n\t\t\t<div class=\"elementor-widget-wrap\">\n\t\t\t\t\t\t\t<\/div>\n\t\t<\/div>\n\t\t\t\t<div class=\"elementor-column elementor-col-33 elementor-top-column elementor-element elementor-element-0cc083a ot-flex-column-vertical\" data-id=\"0cc083a\" data-element_type=\"column\">\n\t\t\t<div class=\"elementor-widget-wrap elementor-element-populated\">\n\t\t\t\t\t\t<div class=\"elementor-element elementor-element-e445193 elementor-widget elementor-widget-iiconbox_grid\" data-id=\"e445193\" data-element_type=\"widget\" data-widget_type=\"iiconbox_grid.default\">\n\t\t\t\t<div class=\"elementor-widget-container\">\n\t\t\t\t\t\t\t<div class=\"icon-box-grid\">\r\n\t\t\t\t\t\t<div class=\"col-md-12 no-padding\">\r\n\t\t\t\t<div class=\"icon-box\">\r\n\t\t\t\t\t<div class=\"icon-main\">\r\n\r\n\t\t\t\t        \r\n\t\t\t\t        \t<i aria-hidden=\"true\" class=\"fas fa-clipboard-list\"><\/i>\r\n\t\t\t\t        \r\n\t\t\t\t\t    \t\t\t\t        \t\t\t        <\/div>\r\n\t\t\t        <div class=\"content-box\">\r\n\t\t\t        \t\t\t\t            <h5 class=\"box-title\">Servi\u00e7o Social<\/h5>\r\n\t\t\t            <p>Com base na Lei 8.662\/1993, que regulamenta o Servi\u00e7o Social, Lei no 10.741\/2003 - Estatuto do Idoso e no Estatuto da Acacef, os processos de interven\u00e7\u00e3o em Servi\u00e7o Social s\u00e3o realizados com os associados na sede da associa\u00e7\u00e3o.\n\n<H5> OBJETIVO<\/H5>\n\n<p>Definir estrat\u00e9gias de interven\u00e7\u00e3o social para as demandas apresentadas.<\/p>\n\nNa Acacef O Servi\u00e7o Social interv\u00e9m com os aposentados que sofrem ou vivenciaram neglig\u00eancias de Direitos Sociais e com quest\u00f5es relativas ao Sa\u00fade Caixa, bem como no sentido de elaborar projetos que visem qualificar a vida dos associados;<\/p>\n<p>\nS\u00e3o oferecidas oficinas voltadas para trabalhos com Artes Manuais, Gin\u00e1stica Cerebral, Tarde Cultural, o Caf\u00e9 com Mistura, apoio ao Cinema SIM - exclama\u00e7\u00e3o e Sala de Recrea\u00e7\u00e3o. Todas essas atividades t\u00eam como finalidade, o fortalecimento dos v\u00ednculos afetivos e institucionais, a inclus\u00e3o e socializa\u00e7\u00e3o dos Associados.<\/p><\/p>\r\n\t\t\t        <\/div>\r\n\t\t\t    <\/div>\r\n\t\t    <\/div>\r\n\t\t    \t\t<\/div>\r\n\t    \t\t\t\t<\/div>\n\t\t\t\t<\/div>\n\t\t\t\t<div class=\"elementor-element elementor-element-64ffe5d elementor-widget elementor-widget-spacer\" data-id=\"64ffe5d\" data-element_type=\"widget\" data-widget_type=\"spacer.default\">\n\t\t\t\t<div class=\"elementor-widget-container\">\n\t\t\t\t\t\t\t<div class=\"elementor-spacer\">\n\t\t\t<div class=\"elementor-spacer-inner\"><\/div>\n\t\t<\/div>\n\t\t\t\t\t\t<\/div>\n\t\t\t\t<\/div>\n\t\t\t\t\t<\/div>\n\t\t<\/div>\n\t\t\t\t<div class=\"elementor-column elementor-col-33 elementor-top-column elementor-element elementor-element-7ead0c3 ot-flex-column-vertical\" data-id=\"7ead0c3\" data-element_type=\"column\">\n\t\t\t<div class=\"elementor-widget-wrap\">\n\t\t\t\t\t\t\t<\/div>\n\t\t<\/div>\n\t\t\t\t\t<\/div>\n\t\t<\/section>\n\t\t\t\t<section class=\"elementor-section elementor-top-section elementor-element elementor-element-bccf789 elementor-section-full_width elementor-section-height-default elementor-section-height-default\" data-id=\"bccf789\" data-element_type=\"section\">\n\t\t\t\t\t\t<div class=\"elementor-container elementor-column-gap-default\">\n\t\t\t\t\t<div class=\"elementor-column elementor-col-33 elementor-top-column elementor-element elementor-element-d646971 ot-flex-column-vertical\" data-id=\"d646971\" data-element_type=\"column\">\n\t\t\t<div class=\"elementor-widget-wrap\">\n\t\t\t\t\t\t\t<\/div>\n\t\t<\/div>\n\t\t\t\t<div class=\"elementor-column elementor-col-33 elementor-top-column elementor-element elementor-element-cc9f4f4 ot-flex-column-vertical\" data-id=\"cc9f4f4\" data-element_type=\"column\">\n\t\t\t<div class=\"elementor-widget-wrap elementor-element-populated\">\n\t\t\t\t\t\t<div class=\"elementor-element elementor-element-010aecd elementor-widget elementor-widget-spacer\" data-id=\"010aecd\" data-element_type=\"widget\" data-widget_type=\"spacer.default\">\n\t\t\t\t<div class=\"elementor-widget-container\">\n\t\t\t\t\t\t\t<div class=\"elementor-spacer\">\n\t\t\t<div class=\"elementor-spacer-inner\"><\/div>\n\t\t<\/div>\n\t\t\t\t\t\t<\/div>\n\t\t\t\t<\/div>\n\t\t\t\t\t<\/div>\n\t\t<\/div>\n\t\t\t\t<div class=\"elementor-column elementor-col-33 elementor-top-column elementor-element elementor-element-e95c709 ot-flex-column-vertical\" data-id=\"e95c709\" data-element_type=\"column\">\n\t\t\t<div class=\"elementor-widget-wrap\">\n\t\t\t\t\t\t\t<\/div>\n\t\t<\/div>\n\t\t\t\t\t<\/div>\n\t\t<\/section>\n\t\t\t\t<section class=\"elementor-section elementor-top-section elementor-element elementor-element-ab37b0b elementor-section-full_width elementor-section-height-default elementor-section-height-default\" data-id=\"ab37b0b\" data-element_type=\"section\">\n\t\t\t\t\t\t<div class=\"elementor-container elementor-column-gap-default\">\n\t\t\t\t\t<div class=\"elementor-column elementor-col-33 elementor-top-column elementor-element elementor-element-01fdc5c ot-flex-column-vertical\" data-id=\"01fdc5c\" data-element_type=\"column\">\n\t\t\t<div class=\"elementor-widget-wrap\">\n\t\t\t\t\t\t\t<\/div>\n\t\t<\/div>\n\t\t\t\t<div class=\"elementor-column elementor-col-33 elementor-top-column elementor-element elementor-element-49e901c ot-flex-column-vertical\" data-id=\"49e901c\" data-element_type=\"column\">\n\t\t\t<div class=\"elementor-widget-wrap elementor-element-populated\">\n\t\t\t\t\t\t<div class=\"elementor-element elementor-element-5865082 elementor-widget elementor-widget-iiconbox_grid\" data-id=\"5865082\" data-element_type=\"widget\" data-widget_type=\"iiconbox_grid.default\">\n\t\t\t\t<div class=\"elementor-widget-container\">\n\t\t\t\t\t\t\t<div class=\"icon-box-grid\">\r\n\t\t\t\t\t\t<div class=\"col-md-12 no-padding\">\r\n\t\t\t\t<div class=\"icon-box\">\r\n\t\t\t\t\t<div class=\"icon-main\">\r\n\r\n\t\t\t\t        \r\n\t\t\t\t        \t<i aria-hidden=\"true\" class=\"fas fa-balance-scale\"><\/i>\r\n\t\t\t\t        \r\n\t\t\t\t\t    \t\t\t\t        \t\t\t        <\/div>\r\n\t\t\t        <div class=\"content-box\">\r\n\t\t\t        \t\t\t\t            <h5 class=\"box-title\">Assist\u00eancia Jur\u00eddica<\/h5>\r\n\t\t\t            <p>Por meio de escrit\u00f3rios de advocacia conveniados, a Acacef possibilita acesso a informa\u00e7\u00f5es e consultoria jur\u00eddica de interesse dos associados.<\/p>\r\n\t\t\t        <\/div>\r\n\t\t\t    <\/div>\r\n\t\t    <\/div>\r\n\t\t    \t\t<\/div>\r\n\t    \t\t\t\t<\/div>\n\t\t\t\t<\/div>\n\t\t\t\t<div class=\"elementor-element elementor-element-2de8e47 elementor-widget elementor-widget-spacer\" data-id=\"2de8e47\" data-element_type=\"widget\" data-widget_type=\"spacer.default\">\n\t\t\t\t<div class=\"elementor-widget-container\">\n\t\t\t\t\t\t\t<div class=\"elementor-spacer\">\n\t\t\t<div class=\"elementor-spacer-inner\"><\/div>\n\t\t<\/div>\n\t\t\t\t\t\t<\/div>\n\t\t\t\t<\/div>\n\t\t\t\t\t<\/div>\n\t\t<\/div>\n\t\t\t\t<div class=\"elementor-column elementor-col-33 elementor-top-column elementor-element elementor-element-73fb220 ot-flex-column-vertical\" data-id=\"73fb220\" data-element_type=\"column\">\n\t\t\t<div class=\"elementor-widget-wrap\">\n\t\t\t\t\t\t\t<\/div>\n\t\t<\/div>\n\t\t\t\t\t<\/div>\n\t\t<\/section>\n\t\t\t\t<section class=\"elementor-section elementor-top-section elementor-element elementor-element-9890cfd elementor-section-full_width elementor-section-height-default elementor-section-height-default\" data-id=\"9890cfd\" data-element_type=\"section\">\n\t\t\t\t\t\t<div class=\"elementor-container elementor-column-gap-default\">\n\t\t\t\t\t<div class=\"elementor-column elementor-col-33 elementor-top-column elementor-element elementor-element-da02208 ot-flex-column-vertical\" data-id=\"da02208\" data-element_type=\"column\">\n\t\t\t<div class=\"elementor-widget-wrap\">\n\t\t\t\t\t\t\t<\/div>\n\t\t<\/div>\n\t\t\t\t<div class=\"elementor-column elementor-col-33 elementor-top-column elementor-element elementor-element-5364b62 ot-flex-column-vertical\" data-id=\"5364b62\" data-element_type=\"column\">\n\t\t\t<div class=\"elementor-widget-wrap elementor-element-populated\">\n\t\t\t\t\t\t<div class=\"elementor-element elementor-element-d7e7f8a elementor-widget elementor-widget-spacer\" data-id=\"d7e7f8a\" data-element_type=\"widget\" data-widget_type=\"spacer.default\">\n\t\t\t\t<div class=\"elementor-widget-container\">\n\t\t\t\t\t\t\t<div class=\"elementor-spacer\">\n\t\t\t<div class=\"elementor-spacer-inner\"><\/div>\n\t\t<\/div>\n\t\t\t\t\t\t<\/div>\n\t\t\t\t<\/div>\n\t\t\t\t<div class=\"elementor-element elementor-element-a5f1e57 elementor-widget elementor-widget-iiconbox_grid\" data-id=\"a5f1e57\" data-element_type=\"widget\" data-widget_type=\"iiconbox_grid.default\">\n\t\t\t\t<div class=\"elementor-widget-container\">\n\t\t\t\t\t\t\t<div class=\"icon-box-grid\">\r\n\t\t\t\t\t\t<div class=\"col-md-12 no-padding\">\r\n\t\t\t\t<div class=\"icon-box\">\r\n\t\t\t\t\t<div class=\"icon-main\">\r\n\r\n\t\t\t\t        \r\n\t\t\t\t        \t<i aria-hidden=\"true\" class=\"fas fa-child\"><\/i>\r\n\t\t\t\t        \r\n\t\t\t\t\t    \t\t\t\t        \t\t\t        <\/div>\r\n\t\t\t        <div class=\"content-box\">\r\n\t\t\t        \t\t\t\t            <h5 class=\"box-title\">Confraterniza\u00e7\u00e3o<\/h5>\r\n\t\t\t            <p>A Acacef oferece para os associados alguns eventos semanais e anuais.\n\n<p><b>CAF\u00c9 COM MISTURA:<\/b> \u00c0s segundas quartas \u2013 feiras e pen\u00faltimas quartas-feiras de cada m\u00eas, na Sede da ACACEF \u2013 Rua Vidal Ramos 53, 11\u00ba Andar, Edif\u00edcio Crystal Center, Centro, Florian\u00f3polis\/SC<\/p>\n\n<p><b>CINEMA,SIM!: <\/b> \u00c0s quartas-feiras n\u00e3o coincidentes com o Caf\u00e9 Com Mistura, na sede da ACACEF, acontecem sess\u00f5es de cinema<\/p>\n\n<p><b>ANIVERS\u00c1RIO DE FUNDA\u00c7\u00c3O<\/b> No m\u00eas de Julho, ocorre um almo\u00e7o festivo em comemora\u00e7\u00e3o ao anivers\u00e1rio de funda\u00e7\u00e3o da Acacef , oportunidade em que re\u00fanem-se os associad\n<p><b>CONFRATERNIZA\u00c7\u00d5ES DE FINAL DE ANO:\n<\/b> Para o encerramento festivo do ano, s\u00e3o realizados eventos regionais reunindo associados, acompanhantes e amigos.\n\n<\/p><\/p>\r\n\t\t\t        <\/div>\r\n\t\t\t    <\/div>\r\n\t\t    <\/div>\r\n\t\t    \t\t<\/div>\r\n\t    \t\t\t\t<\/div>\n\t\t\t\t<\/div>\n\t\t\t\t<div class=\"elementor-element elementor-element-03f31b1 elementor-widget elementor-widget-iiconbox_grid\" data-id=\"03f31b1\" data-element_type=\"widget\" data-widget_type=\"iiconbox_grid.default\">\n\t\t\t\t<div class=\"elementor-widget-container\">\n\t\t\t\t\t\t\t<div class=\"icon-box-grid\">\r\n\t\t\t\t\t\t<div class=\"col-md-12 no-padding\">\r\n\t\t\t\t<div class=\"icon-box\">\r\n\t\t\t\t\t<div class=\"icon-main\">\r\n\r\n\t\t\t\t        \r\n\t\t\t\t        \t<i aria-hidden=\"true\" class=\"far fa-address-card\"><\/i>\r\n\t\t\t\t        \r\n\t\t\t\t\t    \t\t\t\t        \t\t\t        <\/div>\r\n\t\t\t        <div class=\"content-box\">\r\n\t\t\t        \t\t\t\t            <h5 class=\"box-title\">Seguro de Vida   RSul Bravida Seguros.<\/h5>\r\n\t\t\t            <p>A ACACEF \u00e9 estipulante de uma Ap\u00f3lice de Seguro de Vida em Grupo com a Seguradora Icatu Seguros, oferecendo a melhor rela\u00e7\u00e3o idade, cobertura e custo mensal.\n\nAl\u00e9m disso:\n- Todo segurado tem direito a servi\u00e7o de assist\u00eancia funeral 100% custeado pela Icatu (mediante liga\u00e7\u00e3o no ato do sinistro), caso este servi\u00e7o n\u00e3o seja utilizado, o segurado ser\u00e1 reembolsado at\u00e9 R$ 3.300,00 (tr\u00eas mil e trezentos reais com apresenta\u00e7\u00e3o das NFs originais.\n- Melhor rela\u00e7\u00e3o Idade\/ cobertura. \n- Desconto em folha de pagamento.\n- Diversas op\u00e7\u00f5es de seguros personalizados de acordo com a necessidade.\n- Equipe treinada para prestar o melhor atendimento.\n\n0800.026.1900 (Icatu).\n\nAtendimento - RSUL BRAVIDA SEGUROS:\nRua Adolfo Melo, 38, sala 402, Ed. Executive Manhattan \u2013 Centro \u2022 Florian\u00f3polis \u2022 SC\n\nConsultoras:\nJuliene de Carvalho - 48 98858-9832\nElizandra de Freitas - 48 98859-0855\nFone: (48) 3030-8400<\/p>\r\n\t\t\t        <\/div>\r\n\t\t\t    <\/div>\r\n\t\t    <\/div>\r\n\t\t    \t\t<\/div>\r\n\t    \t\t\t\t<\/div>\n\t\t\t\t<\/div>\n\t\t\t\t<div class=\"elementor-element elementor-element-6ddfc87 elementor-widget elementor-widget-spacer\" data-id=\"6ddfc87\" data-element_type=\"widget\" data-widget_type=\"spacer.default\">\n\t\t\t\t<div class=\"elementor-widget-container\">\n\t\t\t\t\t\t\t<div class=\"elementor-spacer\">\n\t\t\t<div class=\"elementor-spacer-inner\"><\/div>\n\t\t<\/div>\n\t\t\t\t\t\t<\/div>\n\t\t\t\t<\/div>\n\t\t\t\t\t<\/div>\n\t\t<\/div>\n\t\t\t\t<div class=\"elementor-column elementor-col-33 elementor-top-column elementor-element elementor-element-868ec1d ot-flex-column-vertical\" data-id=\"868ec1d\" data-element_type=\"column\">\n\t\t\t<div class=\"elementor-widget-wrap\">\n\t\t\t\t\t\t\t<\/div>\n\t\t<\/div>\n\t\t\t\t\t<\/div>\n\t\t<\/section>\n\t\t\t\t<section class=\"elementor-section elementor-top-section elementor-element elementor-element-1f80654 elementor-section-full_width elementor-section-height-default elementor-section-height-default\" data-id=\"1f80654\" data-element_type=\"section\">\n\t\t\t\t\t\t<div class=\"elementor-container elementor-column-gap-default\">\n\t\t\t\t\t<div class=\"elementor-column elementor-col-33 elementor-top-column elementor-element elementor-element-7e4a286 ot-flex-column-vertical\" data-id=\"7e4a286\" data-element_type=\"column\">\n\t\t\t<div class=\"elementor-widget-wrap\">\n\t\t\t\t\t\t\t<\/div>\n\t\t<\/div>\n\t\t\t\t<div class=\"elementor-column elementor-col-33 elementor-top-column elementor-element elementor-element-9a1fd3f ot-flex-column-vertical\" data-id=\"9a1fd3f\" data-element_type=\"column\">\n\t\t\t<div class=\"elementor-widget-wrap elementor-element-populated\">\n\t\t\t\t\t\t<div class=\"elementor-element elementor-element-2428638 elementor-widget elementor-widget-iiconbox_grid\" data-id=\"2428638\" data-element_type=\"widget\" data-widget_type=\"iiconbox_grid.default\">\n\t\t\t\t<div class=\"elementor-widget-container\">\n\t\t\t\t\t\t\t<div class=\"icon-box-grid\">\r\n\t\t\t\t\t\t<div class=\"col-md-12 no-padding\">\r\n\t\t\t\t<div class=\"icon-box\">\r\n\t\t\t\t\t<div class=\"icon-main\">\r\n\r\n\t\t\t\t        \r\n\t\t\t\t        \t<i aria-hidden=\"true\" class=\"fas fa-cross\"><\/i>\r\n\t\t\t\t        \r\n\t\t\t\t\t    \t\t\t\t        \t\t\t        <\/div>\r\n\t\t\t        <div class=\"content-box\">\r\n\t\t\t        \t\t\t\t            <h5 class=\"box-title\">Aux\u00edlio funeral<\/h5>\r\n\t\t\t            <p><p>O luto pela perda de um ente querido \u00e9 sempre um momento triste na vida de qualquer pessoa. Al\u00e9m das quest\u00f5es sentimentais desse momento, muitas fam\u00edlias ainda precisam se preocupar com os custos envolvidos no funeral.  <\/p>\n\nNa ACACEF, o familiar do associado falecido tem o direito a uma ajuda de custo no valor que corresponde a 30 (trinta) mensalidades, mediante pedido e apresenta\u00e7\u00e3o da documenta\u00e7\u00e3o necess\u00e1ria, obtida junto ao Servi\u00e7o Social  da ACACEF.<\/p>\r\n\t\t\t        <\/div>\r\n\t\t\t    <\/div>\r\n\t\t    <\/div>\r\n\t\t    \t\t<\/div>\r\n\t    \t\t\t\t<\/div>\n\t\t\t\t<\/div>\n\t\t\t\t<div class=\"elementor-element elementor-element-9b577e4 elementor-widget elementor-widget-spacer\" data-id=\"9b577e4\" data-element_type=\"widget\" data-widget_type=\"spacer.default\">\n\t\t\t\t<div class=\"elementor-widget-container\">\n\t\t\t\t\t\t\t<div class=\"elementor-spacer\">\n\t\t\t<div class=\"elementor-spacer-inner\"><\/div>\n\t\t<\/div>\n\t\t\t\t\t\t<\/div>\n\t\t\t\t<\/div>\n\t\t\t\t<div class=\"elementor-element elementor-element-791196a elementor-widget elementor-widget-spacer\" data-id=\"791196a\" data-element_type=\"widget\" data-widget_type=\"spacer.default\">\n\t\t\t\t<div class=\"elementor-widget-container\">\n\t\t\t\t\t\t\t<div class=\"elementor-spacer\">\n\t\t\t<div class=\"elementor-spacer-inner\"><\/div>\n\t\t<\/div>\n\t\t\t\t\t\t<\/div>\n\t\t\t\t<\/div>\n\t\t\t\t\t<\/div>\n\t\t<\/div>\n\t\t\t\t<div class=\"elementor-column elementor-col-33 elementor-top-column elementor-element elementor-element-835c027 ot-flex-column-vertical\" data-id=\"835c027\" data-element_type=\"column\">\n\t\t\t<div class=\"elementor-widget-wrap\">\n\t\t\t\t\t\t\t<\/div>\n\t\t<\/div>\n\t\t\t\t\t<\/div>\n\t\t<\/section>\n\t\t\t\t<\/div>\n\t\t","protected":false},"excerpt":{"rendered":"<p>Servi\u00e7os Servi\u00e7o Social Com base na Lei 8.662\/1993, que regulamenta o Servi\u00e7o Social, Lei no 10.741\/2003 &#8211; Estatuto do Idoso e no Estatuto da Acacef, os processos de interven\u00e7\u00e3o em Servi\u00e7o Social s\u00e3o realizados com os associados na sede da associa\u00e7\u00e3o. OBJETIVO Definir estrat\u00e9gias de interven\u00e7\u00e3o social para as demandas apresentadas. Na Acacef O Servi\u00e7o [&hellip;]<\/p>\n","protected":false},"author":1,"featured_media":0,"parent":0,"menu_order":0,"comment_status":"closed","ping_status":"closed","template":"","meta":{"footnotes":""},"class_list":["post-5415","page","type-page","status-publish","hentry"],"_links":{"self":[{"href":"https:\/\/acacef.com.br\/novo\/wp-json\/wp\/v2\/pages\/5415","targetHints":{"allow":["GET"]}}],"collection":[{"href":"https:\/\/acacef.com.br\/novo\/wp-json\/wp\/v2\/pages"}],"about":[{"href":"https:\/\/acacef.com.br\/novo\/wp-json\/wp\/v2\/types\/page"}],"author":[{"embeddable":true,"href":"https:\/\/acacef.com.br\/novo\/wp-json\/wp\/v2\/users\/1"}],"replies":[{"embeddable":true,"href":"https:\/\/acacef.com.br\/novo\/wp-json\/wp\/v2\/comments?post=5415"}],"version-history":[{"count":47,"href":"https:\/\/acacef.com.br\/novo\/wp-json\/wp\/v2\/pages\/5415\/revisions"}],"predecessor-version":[{"id":10179,"href":"https:\/\/acacef.com.br\/novo\/wp-json\/wp\/v2\/pages\/5415\/revisions\/10179"}],"wp:attachment":[{"href":"https:\/\/acacef.com.br\/novo\/wp-json\/wp\/v2\/media?parent=5415"}],"curies":[{"name":"wp","href":"https:\/\/api.w.org\/{rel}","templated":true}]}}