{"id":5393,"date":"2023-02-22T10:41:45","date_gmt":"2023-02-22T10:41:45","guid":{"rendered":"https:\/\/nacionalhost.com.br\/acacef\/?page_id=5393"},"modified":"2025-08-04T18:15:59","modified_gmt":"2025-08-04T18:15:59","slug":"crematorio-vaticano","status":"publish","type":"page","link":"https:\/\/acacef.com.br\/novo\/convenios\/crematorio-vaticano\/","title":{"rendered":"CREMAT\u00d3RIO VATICANO"},"content":{"rendered":"\t\t<div data-elementor-type=\"wp-page\" data-elementor-id=\"5393\" class=\"elementor elementor-5393\" data-elementor-post-type=\"page\">\n\t\t\t\t\t\t<section class=\"elementor-section elementor-top-section elementor-element elementor-element-d193a4a elementor-section-boxed elementor-section-height-default elementor-section-height-default\" data-id=\"d193a4a\" data-element_type=\"section\">\n\t\t\t\t\t\t<div class=\"elementor-container elementor-column-gap-default\">\n\t\t\t\t\t<div class=\"elementor-column elementor-col-100 elementor-top-column elementor-element elementor-element-50c4bb8 ot-flex-column-vertical\" data-id=\"50c4bb8\" data-element_type=\"column\">\n\t\t\t<div class=\"elementor-widget-wrap elementor-element-populated\">\n\t\t\t\t\t\t<div class=\"elementor-element elementor-element-d6adcf0 elementor-widget elementor-widget-spacer\" data-id=\"d6adcf0\" data-element_type=\"widget\" data-widget_type=\"spacer.default\">\n\t\t\t\t<div class=\"elementor-widget-container\">\n\t\t\t\t\t\t\t<div class=\"elementor-spacer\">\n\t\t\t<div class=\"elementor-spacer-inner\"><\/div>\n\t\t<\/div>\n\t\t\t\t\t\t<\/div>\n\t\t\t\t<\/div>\n\t\t\t\t<div class=\"elementor-element elementor-element-0f0f847 elementor-widget elementor-widget-image\" data-id=\"0f0f847\" data-element_type=\"widget\" data-widget_type=\"image.default\">\n\t\t\t\t<div class=\"elementor-widget-container\">\n\t\t\t\t\t\t\t\t\t\t\t\t\t\t\t<img fetchpriority=\"high\" decoding=\"async\" width=\"780\" height=\"418\" src=\"https:\/\/acacef.com.br\/novo\/wp-content\/uploads\/2023\/02\/crematorio-vaticano.jpg\" class=\"attachment-full size-full wp-image-5395\" alt=\"\" srcset=\"https:\/\/acacef.com.br\/novo\/wp-content\/uploads\/2023\/02\/crematorio-vaticano.jpg 780w, https:\/\/acacef.com.br\/novo\/wp-content\/uploads\/2023\/02\/crematorio-vaticano-300x161.jpg 300w, https:\/\/acacef.com.br\/novo\/wp-content\/uploads\/2023\/02\/crematorio-vaticano-768x412.jpg 768w\" sizes=\"(max-width: 780px) 100vw, 780px\" \/>\t\t\t\t\t\t\t\t\t\t\t\t\t\t\t<\/div>\n\t\t\t\t<\/div>\n\t\t\t\t<div class=\"elementor-element elementor-element-260b944 elementor-widget elementor-widget-spacer\" data-id=\"260b944\" data-element_type=\"widget\" data-widget_type=\"spacer.default\">\n\t\t\t\t<div class=\"elementor-widget-container\">\n\t\t\t\t\t\t\t<div class=\"elementor-spacer\">\n\t\t\t<div class=\"elementor-spacer-inner\"><\/div>\n\t\t<\/div>\n\t\t\t\t\t\t<\/div>\n\t\t\t\t<\/div>\n\t\t\t\t<div class=\"elementor-element elementor-element-c16567c elementor-widget elementor-widget-heading\" data-id=\"c16567c\" data-element_type=\"widget\" data-widget_type=\"heading.default\">\n\t\t\t\t<div class=\"elementor-widget-container\">\n\t\t\t\t\t<h2 class=\"elementor-heading-title elementor-size-default\">O Plano Preventivo de Crema\u00e7\u00e3o inclui:<\/h2>\t\t\t\t<\/div>\n\t\t\t\t<\/div>\n\t\t\t\t<div class=\"elementor-element elementor-element-18d91ce elementor-widget elementor-widget-spacer\" data-id=\"18d91ce\" data-element_type=\"widget\" data-widget_type=\"spacer.default\">\n\t\t\t\t<div class=\"elementor-widget-container\">\n\t\t\t\t\t\t\t<div class=\"elementor-spacer\">\n\t\t\t<div class=\"elementor-spacer-inner\"><\/div>\n\t\t<\/div>\n\t\t\t\t\t\t<\/div>\n\t\t\t\t<\/div>\n\t\t\t\t<div class=\"elementor-element elementor-element-8f271af elementor-widget elementor-widget-text-editor\" data-id=\"8f271af\" data-element_type=\"widget\" data-widget_type=\"text-editor.default\">\n\t\t\t\t<div class=\"elementor-widget-container\">\n\t\t\t\t\t\t\t\t\t<p><span style=\"color: #333333; font-family: Titillium Web, sans-serif;\">\u2022 Cerimonial de acordo com a religi\u00e3o (com orador)\u00a0<\/span><span style=\"color: #333333; font-family: Titillium Web, sans-serif;\">\u2022 Urna de cinzas modelo vela polonesa\u00a0<\/span><span style=\"color: #333333; font-family: Titillium Web, sans-serif;\">\u2022 Servi\u00e7o de caf\u00e9 e recep\u00e7\u00e3o <\/span><span style=\"color: #333333; font-family: Titillium Web, sans-serif;\">\u2022 30 dias do uso da sala de mem\u00f3rias <\/span><span style=\"color: #333333; font-family: Titillium Web, sans-serif;\">\u2022 at\u00e9 72 horas de c\u00e2mara fria \u2013 se necess\u00e1rio\u00a0<\/span><span style=\"color: #333333; font-family: Titillium Web, sans-serif;\">\u2022 plano sem car\u00eancia\u00a0<\/span><span style=\"color: #333333; font-family: Titillium Web, sans-serif;\">\u2022 atendimento 24horas\u00a0<\/span><span style=\"color: #333333; font-family: Titillium Web, sans-serif;\">\u2022 sem taxa de manuten\u00e7\u00e3o\u00a0<\/span><span style=\"color: #333333; font-family: Titillium Web, sans-serif;\">\u2022 o plano pode ser transferido a qualquer membro da fam\u00edlia sem custos\u00a0<\/span><span style=\"color: #333333; font-family: Titillium Web, sans-serif;\">\u2022 sem limite de idade<\/span><span style=\"color: #333333; font-family: 'Titillium Web', sans-serif;\">\u00a0<br \/><\/span><\/p>\t\t\t\t\t\t\t\t<\/div>\n\t\t\t\t<\/div>\n\t\t\t\t<div class=\"elementor-element elementor-element-d352a14 elementor-widget elementor-widget-spacer\" data-id=\"d352a14\" data-element_type=\"widget\" data-widget_type=\"spacer.default\">\n\t\t\t\t<div class=\"elementor-widget-container\">\n\t\t\t\t\t\t\t<div class=\"elementor-spacer\">\n\t\t\t<div class=\"elementor-spacer-inner\"><\/div>\n\t\t<\/div>\n\t\t\t\t\t\t<\/div>\n\t\t\t\t<\/div>\n\t\t\t\t\t<\/div>\n\t\t<\/div>\n\t\t\t\t\t<\/div>\n\t\t<\/section>\n\t\t\t\t<section class=\"elementor-section elementor-top-section elementor-element elementor-element-371a349 elementor-section-boxed elementor-section-height-default elementor-section-height-default\" data-id=\"371a349\" data-element_type=\"section\">\n\t\t\t\t\t\t<div class=\"elementor-container elementor-column-gap-default\">\n\t\t\t\t\t<div class=\"elementor-column elementor-col-33 elementor-top-column elementor-element elementor-element-70ddd12 ot-flex-column-vertical\" data-id=\"70ddd12\" data-element_type=\"column\">\n\t\t\t<div class=\"elementor-widget-wrap elementor-element-populated\">\n\t\t\t\t\t\t<div class=\"elementor-element elementor-element-86227a4 elementor-widget elementor-widget-spacer\" data-id=\"86227a4\" data-element_type=\"widget\" data-widget_type=\"spacer.default\">\n\t\t\t\t<div class=\"elementor-widget-container\">\n\t\t\t\t\t\t\t<div class=\"elementor-spacer\">\n\t\t\t<div class=\"elementor-spacer-inner\"><\/div>\n\t\t<\/div>\n\t\t\t\t\t\t<\/div>\n\t\t\t\t<\/div>\n\t\t\t\t<div class=\"elementor-element elementor-element-6618f70 elementor-widget elementor-widget-heading\" data-id=\"6618f70\" data-element_type=\"widget\" data-widget_type=\"heading.default\">\n\t\t\t\t<div class=\"elementor-widget-container\">\n\t\t\t\t\t<h2 class=\"elementor-heading-title elementor-size-default\">Informa\u00e7\u00f5es adicionais<\/h2>\t\t\t\t<\/div>\n\t\t\t\t<\/div>\n\t\t\t\t<div class=\"elementor-element elementor-element-1f76d93 elementor-widget elementor-widget-spacer\" data-id=\"1f76d93\" data-element_type=\"widget\" data-widget_type=\"spacer.default\">\n\t\t\t\t<div class=\"elementor-widget-container\">\n\t\t\t\t\t\t\t<div class=\"elementor-spacer\">\n\t\t\t<div class=\"elementor-spacer-inner\"><\/div>\n\t\t<\/div>\n\t\t\t\t\t\t<\/div>\n\t\t\t\t<\/div>\n\t\t\t\t<div class=\"elementor-element elementor-element-37ee398 elementor-widget elementor-widget-ibutton\" data-id=\"37ee398\" data-element_type=\"widget\" data-widget_type=\"ibutton.default\">\n\t\t\t\t<div class=\"elementor-widget-container\">\n\t\t\t\t\t\t\t<div class=\"ot-button\">\r\n\t\t\t<a href=\"www.portalvaticano.com.br\" class=\"octf-btn octf-btn-primary octf-btn-icon\"><span>Mais Informa\u00e7\u00f5es<i class=\"flaticon-right-arrow-1\"><\/i><\/span> \r\n\t\t\t\t\t\t\t<\/a>\r\n\t    <\/div>\r\n\t    \t\t\t\t<\/div>\n\t\t\t\t<\/div>\n\t\t\t\t\t<\/div>\n\t\t<\/div>\n\t\t\t\t<div class=\"elementor-column elementor-col-66 elementor-top-column elementor-element elementor-element-9f732b8 ot-flex-column-vertical\" data-id=\"9f732b8\" data-element_type=\"column\">\n\t\t\t<div class=\"elementor-widget-wrap elementor-element-populated\">\n\t\t\t\t\t\t<div class=\"elementor-element elementor-element-c5299f9 elementor-widget elementor-widget-text-editor\" data-id=\"c5299f9\" data-element_type=\"widget\" data-widget_type=\"text-editor.default\">\n\t\t\t\t<div class=\"elementor-widget-container\">\n\t\t\t\t\t\t\t\t\t<ul style=\"margin-bottom: 10px; color: #333333; font-family: 'Titillium Web', sans-serif; font-size: 16px; text-align: start;\">\n<li><b>Vantagens:&nbsp;<\/b>desconto de 10% no valor do plano preventivo de crema\u00e7\u00e3o<\/li>\n<li><b>Endere\u00e7o:<\/b>&nbsp;Rua pastor Wiliam Richard Schisler Filho, 452 Sala 02 &#8211; Itacorubi<\/li>\n<li><b>Fone(s):&nbsp;<\/b><a href=\"https:\/\/wa.me\/554832363006\" style=\"color: rgb(204, 51, 102); font-size: 18px; align-items: center; width: 229.984px; font-family: Roboto, sans-serif;\"><span style=\"text-shadow: rgba(0, 0, 0, 0.3) 0px 0px 0px; color: rgb(0, 38, 5); transition: color 0.3s;\">(48) 3236-3006<\/span><\/a>&nbsp;<a href=\"https:\/\/wa.me\/5547997800048\" style=\"color: rgb(51, 51, 102); font-size: 18px; align-items: center; width: 229.984px; font-family: Roboto, sans-serif;\"><span style=\"text-shadow: rgba(0, 0, 0, 0.3) 0px 0px 0px; color: rgb(0, 38, 5); transition: color 0.3s;\">(47) 99780-0048<\/span><\/a><\/li>\n<li><b>Site:<\/b>&nbsp;www.portalvaticano.com.br<\/li>\n<li><b>Cidades:&nbsp;<\/b>BALNE\u00c1RIO CAMBORI\u00da, FLORIAN\u00d3POLIS, PALHO\u00c7A, BLUMENAU E CURITIBA<\/li>\n<\/ul>\n<p style=\"color: #333333; font-family: 'Titillium Web', sans-serif;\">\n<\/p>\t\t\t\t\t\t\t\t<\/div>\n\t\t\t\t<\/div>\n\t\t\t\t\t<\/div>\n\t\t<\/div>\n\t\t\t\t\t<\/div>\n\t\t<\/section>\n\t\t\t\t<\/div>\n\t\t","protected":false},"excerpt":{"rendered":"<p>O Plano Preventivo de Crema\u00e7\u00e3o inclui: \u2022 Cerimonial de acordo com a religi\u00e3o (com orador)\u00a0\u2022 Urna de cinzas modelo vela polonesa\u00a0\u2022 Servi\u00e7o de caf\u00e9 e recep\u00e7\u00e3o \u2022 30 dias do uso da sala de mem\u00f3rias \u2022 at\u00e9 72 horas de c\u00e2mara fria \u2013 se necess\u00e1rio\u00a0\u2022 plano sem car\u00eancia\u00a0\u2022 atendimento 24horas\u00a0\u2022 sem taxa de manuten\u00e7\u00e3o\u00a0\u2022 o [&hellip;]<\/p>\n","protected":false},"author":1,"featured_media":0,"parent":5320,"menu_order":0,"comment_status":"closed","ping_status":"closed","template":"","meta":{"footnotes":""},"class_list":["post-5393","page","type-page","status-publish","hentry"],"_links":{"self":[{"href":"https:\/\/acacef.com.br\/novo\/wp-json\/wp\/v2\/pages\/5393","targetHints":{"allow":["GET"]}}],"collection":[{"href":"https:\/\/acacef.com.br\/novo\/wp-json\/wp\/v2\/pages"}],"about":[{"href":"https:\/\/acacef.com.br\/novo\/wp-json\/wp\/v2\/types\/page"}],"author":[{"embeddable":true,"href":"https:\/\/acacef.com.br\/novo\/wp-json\/wp\/v2\/users\/1"}],"replies":[{"embeddable":true,"href":"https:\/\/acacef.com.br\/novo\/wp-json\/wp\/v2\/comments?post=5393"}],"version-history":[{"count":7,"href":"https:\/\/acacef.com.br\/novo\/wp-json\/wp\/v2\/pages\/5393\/revisions"}],"predecessor-version":[{"id":10939,"href":"https:\/\/acacef.com.br\/novo\/wp-json\/wp\/v2\/pages\/5393\/revisions\/10939"}],"up":[{"embeddable":true,"href":"https:\/\/acacef.com.br\/novo\/wp-json\/wp\/v2\/pages\/5320"}],"wp:attachment":[{"href":"https:\/\/acacef.com.br\/novo\/wp-json\/wp\/v2\/media?parent=5393"}],"curies":[{"name":"wp","href":"https:\/\/api.w.org\/{rel}","templated":true}]}}